actors of y(-5).
5, 7, 23
What are the prime factors of -3 + 304 + (25 - 15)?
311
What are the prime factors of 117/78*354*1?
3, 59
Let u be 4 + 0 + 17 + -13. Suppose 2*w + n - 44 = 3*n, 4*n + u = 0. Suppose -5*j = 2*z - 5*z + 102, w = z + 3*j. List the prime factors of z.
29
List the prime factors of ((-114)/(-8))/(1157/104 - 11).
2, 3, 19
Suppose -3*v = -0*v - 4*g - 364, g = -4*v + 460. Let s be 15/(-20) + (2 - (-405)/12). Suppose -3*u - s = -v. List the prime factors of u.
3
Let m be 2 - (12/(-3) - 264). Suppose -2*z - 104 = -2*n, -5*n - z - 4*z + m = 0. List the prime factors of n.
53
Let h = -1408 - -2754. List the prime factors of h.
2, 673
Suppose 8*s - 3*s + 4*d = 2803, 5*s - 2801 = -3*d. What are the prime factors of s?
13, 43
Suppose -4*u + 38 = -34. Suppose 15*t + 24 = u*t. Suppose t*v - 75 = 5*v. List the prime factors of v.
5
Suppose 5*h = g + 13 + 67, h - 3*g - 2 = 0. Suppose 3*l - 5*b + 13 = 5*l, -5*b = 3*l - h. What are the prime factors of l?
2
Suppose -5*q = 2 + 3, 4*q = r + 23. Let y = 3 - r. What are the prime factors of y?
2, 3, 5
Suppose 3*k + 22 = -5*m - 1, 0 = 3*m + 3. Let o = k - -36. List the prime factors of o.
2, 3, 5
Let s = -7 - -9. Let f be 16/56 - (-52)/14. Suppose -167 = -3*m + s*y, -2*y - 226 = -0*m - f*m. List the prime factors of m.
59
Let t = 47 - 24. Suppose 18*h - t*h = -420. What are the prime factors of h?
2, 3, 7
Suppose 13*g = 15*g. Suppose g*b - 5 = -b. Suppose -22 = -b*u + 198. What are the prime factors of u?
2, 11
Suppose 12*b - 14*b + 1826 = -a, -2*b + 1834 = -3*a. What are the prime factors of b?
911
Let g = -67 - -46. Let p(a) = 5*a + 61. Let s be p(0). Let c = s + g. What are the prime factors of c?
2, 5
Let y(g) = 3*g**2 - 3*g + 2. Let f be y(1). Suppose 3*s - 4*b - 427 = 0, s + f*b = b + 140. What are the prime factors of s?
3, 47
Let l = 1020 + -994. What are the prime factors of l?
2, 13
Let p be 6/9 + 42/18. Suppose -2*w + 5*l - 224 = -6*w, p*w = 5*l + 168. List the prime factors of w.
2, 7
Let k = -26 + 25. What are the prime factors of k/(-4)*(-1168)/(-4)?
73
Let w(o) = -3*o - 3. Let n = 53 + -80. Let v = n - -19. What are the prime factors of w(v)?
3, 7
Suppose -5*m = -o - 6*m + 12, -2*o + 18 = -m. What are the prime factors of (14 - -1)/(2/o)?
3, 5
Let s(c) = 2*c + 32. Let n be s(-13). Let h(r) = 10*r - 10. What are the prime factors of h(n)?
2, 5
Let i = 125 + -121. List the prime factors of 6/i + (-734)/(-4).
5, 37
Let z = -1088 - -1659. What are the prime factors of z?
571
Let l = -862 - -3091. List the prime factors of l.
3, 743
Let z = 209 - -365. List the prime factors of z.
2, 7, 41
Let m = 6 - 6. Suppose -l + 25 - 1 = m. List the prime factors of l.
2, 3
Suppose 6*c = 4698 + 12. List the prime factors of c.
5, 157
Suppose o + 4*s = 92, s + 0*s = 0. Let c = 273 - o. What are the prime factors of c?
181
List the prime factors of (-5)/(1832/(-456) + 4).
3, 5, 19
Suppose -39 + 9 = -5*h. Suppose 35 = h*a + a. Suppose 0 = -x + 3 + a. List the prime factors of x.
2
Let h(j) = -7*j**3 - 10*j**2 + 17*j + 7. Let m(x) = 10*x**3 + 15*x**2 - 25*x - 11. Let t(p) = 7*h(p) + 5*m(p). List the prime factors of t(-3).
2, 3, 5
Let x be (-1)/(-2) + 3/(-6). Suppose x = -2*b + 3*b - 2. Suppose u - 5 = -b*q, 4*u - 2*q - 20 = -5*q. List the prime factors of u.
5
Suppose -2*k - 3*k - 110 = 5*g, 0 = -4*g + 5*k - 97. Let r = g + 46. List the prime factors of r.
23
Suppose 2*w = 4*w - 16. Suppose -2*f + w = v, -v = 4*f - 0*f - 12. Suppose 3*l = f*r - r + 44, -32 = -3*l + 4*r. List the prime factors of l.
2
Suppose -2*i - 12 = -16. Suppose 0 = j + i, 0*h + 4*h - 2*j + 28 = 0. Let p = h + 37. What are the prime factors of p?
29
Let m = -26 - -27. What are the prime factors of 3 + 32 - (-4 - m*-2)?
37
Suppose -7*m + 202 + 155 = 0. Let u(z) = -z**3 + 6*z**2 + 8*z. Let v be u(7). Suppose -v*x + m = -4*x. List the prime factors of x.
17
Let m = 15 - 9. Let w(u) = -u + 4 - 6 - u + m. List the prime factors of w(-12).
2, 7
Let u be 1/(7/(-26)) + 54/(-189). Let f(q) = -9*q - 2. Let g(h) = 18*h + 4. Let j(c) = 9*f(c) + 4*g(c). What are the prime factors of j(u)?
2, 17
Suppose 3*q = 3*j - 117, -5*j = 3*q - 2*q + 39. List the prime factors of 5/5*-1*q.
3, 13
Let p = -287 - -578. What are the prime factors of p?
3, 97
Suppose -3*p = 12, -105 = a - 0*a + 5*p. Let x = -80 - a. What are the prime factors of x?
5
Let r(a) = a**3 + 9*a**2 + 2*a - 4. Let q be ((-1)/3)/(16/192). What are the prime factors of r(q)?
2, 17
Let w = 0 + 3. Suppose 2*r = -w*x - 13, 4*x - r = 3 - 13. List the prime factors of (14/x)/(16/(-48)).
2, 7
Let p(o) = -2*o**2 - 8*o - 2. Let i be p(-4). Let k be (3/(-9))/(i/18). Suppose 366 - 71 = 5*j - a, 0 = k*j - 2*a - 170. What are the prime factors of j?
2, 3, 5
Let b(u) = 6*u**2 - 6*u - 5. Suppose -4*t - 13 = 11. List the prime factors of b(t).
13, 19
Suppose 5*z + b - 4334 = 7386, 0 = 2*z + 3*b - 4701. List the prime factors of z.
3, 11, 71
Let r = -1307 - -2599. What are the prime factors of r?
2, 17, 19
Let y(k) = -k**3 - 31*k**2 - 170*k. Let s be y(-7). Let x be 7 - (-1)/(0 + -1). List the prime factors of s/(-4)*(x + -8).
7
Let c(y) be the first derivative of y**2 - 12*y + 6. Let z be c(7). What are the prime factors of z/(-13) + 914/26?
5, 7
Let t = -187 - -326. What are the prime factors of t?
139
Suppose -4*p + 220 = -4*f, 3*p + 5*f - 157 = -0*f. List the prime factors of p.
2, 3
Suppose 6*g - 129 - 117 = 0. Let z = g + -16. List the prime factors of z.
5
Suppose 0 = z - 0*o + o, 0 = -3*o. Let h be z - -30*(-3 + 4). List the prime factors of (h + 0)*(-2)/(-5).
2, 3
Suppose 14 = 4*t - 3*m + 3, -1 = m. Let l(j) = j**2 + j - 2. Let k be l(-4). Let s = t + k. What are the prime factors of s?
2, 3
Let u(v) be the third derivative of 1/24*v**4 + 7/12*v**5 + 0 - 1/6*v**3 + 0*v - 7*v**2. List the prime factors of u(1).
5, 7
Let f = 25 + -11. Let q be 8/(-5)*(-35)/f. Suppose -2*w = -5*r + 318, -w + 37 = -q*r + 289. What are the prime factors of r?
2, 31
Suppose 3707 = 21*v - 20737. List the prime factors of v.
2, 3, 97
Let o = -13 - -16. Suppose 8*s + 5 = o*s. List the prime factors of s*(3 - 4)*26.
2, 13
Suppose -u + k - 273 = 4*k, 0 = 5*u + 3*k + 1389. Let n = -113 - u. What are the prime factors of n?
2, 83
Let i(x) = -x**3 + 4*x**2 + 7*x - 7. Let l be i(5). Suppose 0*q + 330 = l*q - n, 0 = -3*q - 2*n + 339. What are the prime factors of q?
3, 37
Let l = -5 - -6. Let r(a) = 14*a**2 - 1. Let t be r(l). Let n = 17 - t. List the prime factors of n.
2
Let i = 25 + -13. Let f(g) = -3*g**2 - 9 + i*g + 2 + 2*g**2 - 2. List the prime factors of f(11).
2
Suppose 2*y + 4 = 62. Suppose 3*c - 4*m = -m - 3, -5*m + y = 3*c. Suppose c*x - 45 = -r - 4*r, -4*x + 77 = r. What are the prime factors of x?
2, 5
Suppose 4960 = -j + 9*j. What are the prime factors of j?
2, 5, 31
Let p(w) = 49*w - 4. Let a be p(1). Let t(h) = -5*h - 4. Let v be t(-7). Let j = a - v. List the prime factors of j.
2, 7
What are the prime factors of 3*2 + 2 + 30?
2, 19
Let h = 3506 - 1564. What are the prime factors of h?
2, 971
Let s = -11 + 67. Suppose 57*b = s*b + 11. What are the prime factors of b?
11
Let a(d) be the first derivative of d**3/3 - 2*d**2 - 4*d - 1. What are the prime factors of a(-7)?
73
Let g(m) = m**2 + 6*m + 5. Let k be g(-6). Suppose 7*h = 3*h - 3*x + k, x - 7 = -4*h. Suppose -59 = -3*b - h*s, b - s = 5 + 13. List the prime factors of b.
19
Let t(p) = p**2 - 6*p + 57. What are the prime factors of t(24)?
3, 163
Suppose -14*u = -9990 - 32234. What are the prime factors of u?
2, 13, 29
Suppose -14*s - 3270 = 2316. Let m = s - -644. List the prime factors of m.
5, 7
Let v be -2 - (3 - (-2)/(-2)). Let u = 19 + v. List the prime factors of 3/u - 356/(-20).
2, 3
Suppose -141 - 174 = -3*c. Suppose c = 5*j - 5. List the prime factors of j.
2, 11
Suppose -4*s - 7 = -19. Suppose -5*q - 5 = p - 26, -2*p + 56 = s*q. List the prime factors of p.
31
Suppose 3*g - 13 = -4. Suppose -h + 135 = -21. Suppose -g*x = x - h. What are the prime factors of x?
3, 13
Suppose -2*d = -6*d + 3*l - 21, -l = 4*d + 25. Let j(s) = s + 5. Let o be j(d). What are the prime factors of (o - -49) + (7 - 7)?
2, 3
Suppose -4*d + 1 + 7 = -5*z, 5*d - 10 = -3*z. Suppose -2 = d*c - 3*c, -3*x + 4*c = -355. List the prime factors of x.
11
Suppose 10*n - 12*n =